et t(k) = -v + 2*k**3 + 2*k**2 + 2*k + 12 - 7 + 1. Determine t(-1).
-1
Let j(g) = g**2 + 8*g - 6. Suppose 0 = 27*q - 37*q - 90. Determine j(q).
3
Let x(q) = -q**3 + 7*q**2 - 9*q + 3. Let p = -1095 + 1100. Determine x(p).
8
Let p be 51/6*(0 + 2). Let u(c) = -2 + p*c + 5 - 10*c - 6*c. Calculate u(-8).
-5
Let q(o) = o**2 + o - 1. Let s be q(2). Suppose 2 = -s*d + 17. Let c(u) = -2*u**2 + u**2 - u**d - 2*u + 0*u**2 - 3*u**2. Give c(-3).
-3
Let l(j) be the second derivative of j**4/12 - j**3/6 + 2*j**2 + 3*j. Let g be l(2). Suppose 2*k + g + 4 = 0. Let h(m) = -m**2 - 4*m - 5. Calculate h(k).
-10
Let n(u) = 2*u**3 - 4*u**2 + 4*u - 2. Let p = 245 + -243. Calculate n(p).
6
Suppose v = z - 5, -5*v = -v + 4. Let j be 2 + 4*1/z. Suppose -3*a - g = -1, -4*g + g - 9 = -j*a. Let l(w) = -6*w**3. Determine l(a).
-6
Let h(s) = -3*s**2 - 4*s - 2. Let k be (1 - 1)/(-3) - -1. Let j(v) be the third derivative of -v**5/60 - v**4/12 + v**3/6 - v**2. Let z be j(k). Calculate h(z).
-6
Suppose -5*i = 4 - 14. Suppose -5*l = 4*z - 15, -5*z = 3*l - i*l - 3. Suppose -l*x = 2*x + 25. Let y(o) = -o**2 - 2*o + 6. Give y(x).
-9
Let i(x) be the first derivative of -x**4/4 - 3*x**3 - 3*x**2/2 + 11*x - 446. Give i(-9).
38
Let m(c) = c + 6. Let j(f) = -5 + 7*f - 14*f + 6*f. Let l(r) = 4*j(r) + 3*m(r). Give l(0).
-2
Suppose w - 2*a = -15, 0 = w - 6*w - 3*a - 10. Let v(c) be the third derivative of c**5/30 + 7*c**4/24 - c**3/3 - c**2 + 4*c. Give v(w).
13
Suppose 0 = -3*u - s + 20, 3*s = 2*s + 5. Let w(o) be the third derivative of 0*o + 1/4*o**4 + 0*o**3 + 0 - o**2 - 1/60*o**u. Determine w(5).
5
Let a(i) be the third derivative of i**4/24 - 7*i**3/6 - 7*i**2. Let k = -43 + 69. Let j = k + -19. Calculate a(j).
0
Let w(c) = c**2 + 10*c + 1. Suppose -3*a = -3 + 15. Give w(a).
-23
Let g(p) = 6*p**2 + p - 2. Let s be g(1). Suppose 3*w - s*w = -d + 3, -3*w + 8 = d. Let u(b) = -5*b**3 + 2*b**2 - 2*b + 1. Determine u(w).
-4
Let z(v) = 5*v. Let c(h) = -h**2 - 5*h + 8. Let a be c(-4). Let t = -13 + a. Give z(t).
-5
Let l(r) = -r - 26. Suppose 5*b - 2*a + 55 = -40, -4*b - 53 = 3*a. Determine l(b).
-9
Let o(p) = p**3 - 65*p + 10 + 9*p**2 - 55*p + 129*p - 2*p**3. Determine o(10).
0
Let z(d) = -34*d + 9. Let t(f) = -181*f + 47. Let w(g) = 3*t(g) - 16*z(g). Let o be (1 + (-4)/(-6))*3. Give w(o).
2
Let t(v) = v**3 + 13*v**2 + 28*v + 81. Let j be t(-11). Let d(z) = z + 19. Determine d(j).
34
Suppose 158*s + 142 + 298 + 350 = 0. Let g(o) be the third derivative of -o**5/60 - o**4/6 - o**3/2 - 2*o**2. Calculate g(s).
-8
Let v(w) = -w + 1. Let t be (2 - -1)*6/(-9). Let b be v(t). Let k(i) = -2 - b*i - i + 3*i - 3. Determine k(-3).
-2
Let f = 56 - 50. Let w(g) = -2*g - 4. Calculate w(f).
-16
Let j(b) = -3*b**2 + 2*b - 1. Suppose 2*t - 2 = 5*y, t - 4*y + 5 = 6*t. Determine j(t).
-2
Let i(f) be the third derivative of -8*f**2 + 0 - 1/6*f**3 + 0*f + 1/60*f**5 - 1/12*f**4. Let r(y) be the first derivative of i(y). What is r(5)?
8
Let h(x) = x**3 - 10*x**2 + 9*x + 8. Let p = 186 + -177. Determine h(p).
8
Let u(r) be the third derivative of r**4/24 - r**3/6 - 5*r**2. Let q be (-2)/(-4) + 21/14. Suppose 0 = 4*s - q*i + 24, s + 2*i = -2*i - 15. Calculate u(s).
-8
Let d(p) = 2*p**2 - p + 1. Let x(f) = -3 - f + 0 - 2. Let o = -327 - -321. Let i be x(o). Calculate d(i).
2
Let p(s) = -2*s - 11. Suppose 0 = -3*f + 4*n - 27 - 12, 0 = 2*f + 5*n + 3. Let h be (f/12)/((-1)/(-12)). Calculate p(h).
7
Let n = 3 - 3. Suppose n = c + 2 - 0. Let h(t) = -t - 2 + 1 + 4*t + 2. Determine h(c).
-5
Let x(t) = t**2 + 8*t. Let g be x(-8). Suppose h - 4 + 2 = 0. Let n(q) = -h + 0*q**3 + 1 + g*q**3 + q**3. Give n(0).
-1
Suppose 0 = -5*n - 4*u - 35, -4*n - u - 15 - 13 = 0. Let l(r) = 3*r + 6. What is l(n)?
-15
Let b(v) = -v**3 - v**2 - v - 4. Let h(y) = 4*y**3 + 3*y**2 - 2. Let u be h(1). Suppose 0 = -u*t + 2*n - 11, 0 = -5*t - 0*t - 3*n - 21. Give b(t).
17
Suppose -d - 5*t = -11, -5*d + 1 = t - 6. Let w(p) = p**2 - 1. Let s(l) = -10*l**2 + 3*l + 3. Let i(o) = d*s(o) + 3*w(o). Determine i(2).
-22
Let n(l) = 2*l - l - 6*l**2 + 13*l**2. Let f(p) = -2*p**2 - 5*p - 4. Let q be f(-4). Let v = 17 + q. Give n(v).
8
Let x(d) = 10*d + 5. Let r be 12/3 - (4 + 7 + -5). Calculate x(r).
-15
Let x(q) = 9*q - 7. Let p(i) = 7*i - 8. Let o(u) = -4*p(u) + 3*x(u). What is o(14)?
-3
Let m be (90/324*12)/(4/6). Let z(y) be the first derivative of y**2 + 2*y + 3. Give z(m).
12
Let h(k) be the first derivative of -k**2/2 + 4*k + 11. Let c be 6/14 + (-126)/(-49). Give h(c).
1
Let k be (-106)/(-6) - (-1205)/(-723). Let h(z) = z**2 - 16*z - 8. What is h(k)?
-8
Let h(x) = -x**2 + 5*x + 276. Let w be h(19). Let v(i) = i**3 - 10*i**2 + 3*i - 8. Give v(w).
22
Let f(b) be the third derivative of 1/60*b**5 + 0 + 0*b**4 - b**3 + 0*b - 4*b**2. Let s(z) be the first derivative of f(z). Give s(-5).
-10
Let y(i) = i**2 + 12*i + 16. Let g be (-11)/((-3)/(-12)*4). Calculate y(g).
5
Let z(i) = -i**3 - 5*i**2 - 5*i - 6. Let x = 89 - 180. Let s be 14/x - (-50)/(-13). Calculate z(s).
-2
Let g(t) = t**2 + t + 1. Let u(a) = -a**3 - 3*a**2 - 6*a - 4. Let j(y) = -4*g(y) - u(y). What is j(3)?
24
Let p(v) = -v**2 - 7*v - 3. Let r be p(-6). Let y(l) = 7*l**3 + l**2 + l - 2*l**2 - 6*l**r + 0*l + 7. What is y(0)?
7
Let l be 3*154/(-90) + 2/15. Let x(p) = -2*p**2 - 12*p - 8. Give x(l).
2
Let k = 21 - 24. Let i be 2*-1*1/(-2). Let p(o) = 7*o - 5. Let w(a) = a. Let d(r) = i*p(r) + k*w(r). Give d(4).
11
Suppose 2*u = 5*c - 16, -12 = -5*c + 8. Let p(b) be the third derivative of -b**4/24 + b**3/6 + 1240*b**2. Determine p(u).
-1
Let h = -518 + 526. Let b(j) be the second derivative of -7/12*j**4 + h*j + 0 - 1/2*j**2 - 1/6*j**3. What is b(-1)?
-7
Let u(m) = m**2 - 29*m + 207. Let v be u(16). Let j(l) = 16*l. Determine j(v).
-16
Suppose m + 9 = -2*f, 2*m = -f + 6*m. Let g(a) = -a**2 + 5*a + 4. Calculate g(f).
-32
Let x(i) = -2*i - 2. Let m(z) = 65*z - 456. Let r be m(7). Calculate x(r).
0
Let o(c) = -1 - 9*c + 6*c + 5 - 1. Suppose -13 = -n - 4*f, -5 = 4*n + 3*f - 6*f. Suppose -m + 2*q + 2*q = 10, m - q + n = 0. Determine o(m).
-3
Let w(j) be the third derivative of j**4/24 + 7*j**3/3 + 16*j**2. Let n = 8 + -8. Calculate w(n).
14
Suppose -121*f + 24 = -117*f. Let m(k) = 1. Let u(l) = l - 10. Let s(b) = 5*m(b) + u(b). Give s(f).
1
Let h(v) = -3*v**3 - 11*v**2 + 7*v + 8. Let a(l) = -5*l**3 - 17*l**2 + 11*l + 13. Let d(s) = -5*a(s) + 8*h(s). Let o = -4 - -6. Determine d(o).
-3
Let x(v) be the first derivative of 14*v**3/3 + v**2 + v - 518. Give x(-1).
13
Let d(v) = 11*v**2 + v - 1. Let p(w) = w**2 + w. Let b = 48 + -49. Let t(x) = b*d(x) + 2*p(x). Determine t(-1).
-9
Suppose -5*q + 17*q = -612. Let t = q + 54. Let j(k) = 2*k**2 - 3*k - 1. Give j(t).
8
Let p(h) = -h - 1. Let q(y) = y**2 + 19*y + 18. Let i(k) = -5*p(k) - q(k). Calculate i(-13).
0
Let q(p) = p**2 + 6*p + 7. Let g = -27 - -22. What is q(g)?
2
Let d(m) = -4*m + m + m - 70 + 78. Give d(4).
0
Suppose 0 = -5*a + 3*t, 0*t - 4*t + 20 = 0. Let j(r) = -r**2 + 2*r + 3. Calculate j(a).
0
Let n(u) be the third derivative of -u**4/4 + u**3 + 3*u**2 - u. What is n(7)?
-36
Let b(z) = -28*z - 4. Let q be b(0). Let p(x) = -x**2 - 2*x - 2. Calculate p(q).
-10
Let u = -15 + 19. Suppose 0 = -3*s + 7*s - u. Let g(r) = 3*r - 3. Let d(j) = j + 1. Let k(a) = s*g(a) - 4*d(a). Calculate k(-4).
-3
Let q(l) = -378*l - 85 + 369*l + 25. What is q(-6)?
-6
Let r(h) = h**3 + 4*h**2 - h - 3. Let j = -3 - -5. Let f(c) = c**2 + 7*c - j*c**2 + 0*c**2 + 5. Let v be f(8). What is r(v)?
9
Let p(f) = -f - 1. Let z(m) = 2*m - 23. Let i(g) = 3*p(g) + z(g). Determine i(-15).
-11
Let o(v) = v**2 + v - 7. Let z = 90 + -90. Suppose 4*t - 4*t + 3*t = z. Give o(t).
-7
Let p(l) = l**3 + 11*l**2 + 13*l + 31. Let x be (-3 + 2)/((-10)/(-100)). What is p(x)?
1
Let c be (30/8)/3*4. Suppose 2*v - 2 = 5*f - f, -7 = -f - v. Let y(s) = -4*s + f*s + 6 - s. Give y(c).
-9
Let h(k) be the second derivative of -k**5/60 - k**4/3 + 5*k**3/6 + 5*k**2/2 - 3*k. Let j(m) be the first derivative of h(m). Calculate j(-6).
17
Let p(j) = j + 3*j + 16 + 5*j**2 - 6*j**2 - 3 - 8. What is p(4)?
5
Let k(t) be the first derivative of t**3/3 + t**2/2 - 3*t + 25. Let g(z) = z**3 + 6*z**2 + 7*z + 5. Let s be g(-5). Determine k(s).
17
Let z(w) = -w**3 + 9*w**2 - 12*w + 8. Let t be z(7). Let y = t - 22. Let s(r) =